{"id":155,"date":"2018-12-18T15:10:09","date_gmt":"2018-12-18T14:10:09","guid":{"rendered":"http:\/\/stephaniecharvieux.fr\/?page_id=155"},"modified":"2022-01-04T18:07:51","modified_gmt":"2022-01-04T17:07:51","slug":"cgv","status":"publish","type":"page","link":"https:\/\/stephaniecharvieux.fr\/index.php\/cgv\/","title":{"rendered":"CGV"},"content":{"rendered":"\n<p class=\"has-medium-font-size\">Conditions G\u00e9n\u00e9rales de Vente<br><\/p>\n\n\n\n<p><strong>G\u00e9n\u00e9ralit\u00e9s<\/strong><br>Les conditions g\u00e9n\u00e9rales de vente d\u00e9crites ci-apr\u00e8s d\u00e9taillent <br>les droits et obligations de St\u00e9phanie Charvieux <br>et de son client et s\u2019appliquent \u00e0 toute offre et vente de services. <br>Toute prestation accomplie par St\u00e9phanie Charvieux implique donc l&#8217;adh\u00e9sion sans r\u00e9serve du client aux pr\u00e9sentes conditions g\u00e9n\u00e9rales de vente. <br>Si l\u2019une des clauses des pr\u00e9sentes conditions se trouvait nulle ou annul\u00e9e, les autres clauses n\u2019en seraient pas pour autant annul\u00e9es. <br>Le fait que l&#8217;adh\u00e9sion sans r\u00e9serve du client ne fasse pas application <br>\u00e0 un moment donn\u00e9 d\u2019un quelconque article des pr\u00e9sentes conditions, <br>ne peut \u00eatre interpr\u00e9t\u00e9 comme valant renonciation \u00e0 se pr\u00e9valoir ult\u00e9rieurement des dites conditions g\u00e9n\u00e9rales de vente.<br><br><strong>Prix<\/strong><br>Les prix sont ceux en vigueur au jour de la prestation. Ils sont libell\u00e9s en euros et calcul\u00e9s toutes taxes comprises.<br><br><strong>Modalit\u00e9s de paiement<\/strong><br>Le r\u00e8glement des prestations s&#8217;effectue \u00e0 l&#8217;ordre de St\u00e9phanie Charvieux par ch\u00e8que ou en esp\u00e8ces.<\/p>\n\n\n\n<p><\/p>\n\n\n\n<p><br><\/p>\n\n\n\n<p> <br><br><\/p>\n\n\n\n<p><a href=\"mailto:ventes@cooproduction.coop\"><\/a><\/p>\n\n\n\n<p><br><\/p>\n","protected":false},"excerpt":{"rendered":"<p>Conditions G\u00e9n\u00e9rales de Vente G\u00e9n\u00e9ralit\u00e9sLes conditions g\u00e9n\u00e9rales de vente d\u00e9crites ci-apr\u00e8s d\u00e9taillent les droits et obligations de St\u00e9phanie Charvieux et de son client et s\u2019appliquent \u00e0 toute offre et vente de services. Toute prestation accomplie par St\u00e9phanie Charvieux implique donc l&#8217;adh\u00e9sion sans r\u00e9serve du client aux pr\u00e9sentes conditions g\u00e9n\u00e9rales de vente. Si l\u2019une des clauses &hellip; <a href=\"https:\/\/stephaniecharvieux.fr\/index.php\/cgv\/\" class=\"more-link\">Continue reading <span class=\"screen-reader-text\">CGV<\/span> <span class=\"meta-nav\">&rarr;<\/span><\/a><\/p>\n","protected":false},"author":1,"featured_media":0,"parent":0,"menu_order":6,"comment_status":"closed","ping_status":"closed","template":"","meta":{"footnotes":""},"_links":{"self":[{"href":"https:\/\/stephaniecharvieux.fr\/index.php\/wp-json\/wp\/v2\/pages\/155"}],"collection":[{"href":"https:\/\/stephaniecharvieux.fr\/index.php\/wp-json\/wp\/v2\/pages"}],"about":[{"href":"https:\/\/stephaniecharvieux.fr\/index.php\/wp-json\/wp\/v2\/types\/page"}],"author":[{"embeddable":true,"href":"https:\/\/stephaniecharvieux.fr\/index.php\/wp-json\/wp\/v2\/users\/1"}],"replies":[{"embeddable":true,"href":"https:\/\/stephaniecharvieux.fr\/index.php\/wp-json\/wp\/v2\/comments?post=155"}],"version-history":[{"count":34,"href":"https:\/\/stephaniecharvieux.fr\/index.php\/wp-json\/wp\/v2\/pages\/155\/revisions"}],"predecessor-version":[{"id":328,"href":"https:\/\/stephaniecharvieux.fr\/index.php\/wp-json\/wp\/v2\/pages\/155\/revisions\/328"}],"wp:attachment":[{"href":"https:\/\/stephaniecharvieux.fr\/index.php\/wp-json\/wp\/v2\/media?parent=155"}],"curies":[{"name":"wp","href":"https:\/\/api.w.org\/{rel}","templated":true}]}}